{"id":34,"date":"2022-11-07T20:37:06","date_gmt":"2022-11-07T20:37:06","guid":{"rendered":"https:\/\/www.protusaatio.fi\/?page_id=34"},"modified":"2022-11-07T20:51:44","modified_gmt":"2022-11-07T20:51:44","slug":"tietosuojaseloste","status":"publish","type":"page","link":"http:\/\/www.protusaatio.fi\/?page_id=34","title":{"rendered":"Tietosuojaseloste"},"content":{"rendered":"\n<h2 class=\"wp-block-heading\">Prometheus-leirin tukis\u00e4\u00e4ti\u00f6n tietosuojaseloste<\/h2>\n\n\n\n<ol type=\"1\" start=\"1\" class=\"has-medium-font-size wp-block-list\">\n<li>Rekisterinpit\u00e4j\u00e4<\/li>\n<\/ol>\n\n\n\n<p>Prometheus-leirin tukis\u00e4\u00e4ti\u00f6 sr. (j\u00e4ljemp\u00e4n\u00e4 \u201dProtu-s\u00e4\u00e4ti\u00f6\u201d)<\/p>\n\n\n\n<p>Y-tunnus 2861511-1<\/p>\n\n\n\n<p>Palkkatilankatu 3, liiketila 7<\/p>\n\n\n\n<p>00240 HELSINKI<\/p>\n\n\n\n<p><a href=\"mailto:saatio@protu.fi\">saatio@protu.fi<\/a><\/p>\n\n\n\n<ol start=\"2\" class=\"has-medium-font-size wp-block-list\">\n<li>Henkil\u00f6tietojen k\u00e4sittelyn tarkoitus ja oikeusperuste<\/li>\n<\/ol>\n\n\n\n<p>Protu-s\u00e4\u00e4ti\u00f6 ker\u00e4\u00e4 ja k\u00e4sittelee henkil\u00f6tietoja s\u00e4\u00e4ti\u00f6lain velvoittaman, s\u00e4\u00e4nt\u00f6m\u00e4\u00e4r\u00e4isen toimintansa toteuttamiseksi; tarkemmin ottaen s\u00e4\u00e4nt\u00f6jens\u00e4 mukaisten avustusten jakamisen toteuttamiseksi ja dokumentoimiseksi. Avustushaun yhteydess\u00e4 avustusta hakevilta yhdistyksilt\u00e4 pyydet\u00e4\u00e4n yhteyshenkil\u00f6iden yhteystiedot lis\u00e4tietojen kyselemiseksi ja haun etenemisest\u00e4 tiedottamiseksi sek\u00e4 hakuprosessin dokumentoimiseksi.<\/p>\n\n\n\n<p>T\u00e4m\u00e4n selosteen mukainen henkil\u00f6tietojen k\u00e4sittely on yleisen tietosuoja-asetuksen 6:n artiklan mukaisesti 1) tarpeen sellaisen sopimuksen t\u00e4yt\u00e4nt\u00f6\u00f6n panemiseksi, jossa rekister\u00f6ity on osapuolena, tai sopimuksen tekemist\u00e4 edelt\u00e4vien toimenpiteiden toteuttamiseksi rekister\u00f6idyn pyynn\u00f6st\u00e4 sek\u00e4 2) rekisterinpit\u00e4j\u00e4n lakis\u00e4\u00e4teisen velvoitteen noudattamiseksi.<\/p>\n\n\n\n<p><\/p>\n\n\n\n<ol start=\"3\" class=\"has-medium-font-size wp-block-list\">\n<li>K\u00e4sitelt\u00e4v\u00e4t henkil\u00f6tiedot<\/li>\n<\/ol>\n\n\n\n<p>Avustushakemuksen yhteydess\u00e4 avustusta hakevaa yhdistyst\u00e4 pyydet\u00e4\u00e4n nime\u00e4m\u00e4\u00e4n yhteyshenkil\u00f6, josta rekisteriin ker\u00e4t\u00e4\u00e4n t\u00e4m\u00e4n nimi sek\u00e4 yhteystiedot kuten s\u00e4hk\u00f6postiosoite ja puhelinnumero tai postiosoite. Muut hakemuksen yhteydess\u00e4 ker\u00e4tt\u00e4v\u00e4t tiedot koskevat henkil\u00f6n edustamaa yhdistyst\u00e4 tai muuta oikeushenkil\u00f6\u00e4, ja yhteyshenkil\u00f6n katsotaan lomaketta t\u00e4ytt\u00e4ess\u00e4\u00e4n antavan tietonsa edustamansa yhdistyksen tai muun oikeushenkil\u00f6n lukuun ja puolesta.<\/p>\n\n\n\n<p><\/p>\n\n\n\n<ol start=\"4\" class=\"has-medium-font-size wp-block-list\">\n<li>Alihankkijat sek\u00e4 henkil\u00f6tietojen siirrot ja luovutukset<\/li>\n<\/ol>\n\n\n\n<p>Protu-s\u00e4\u00e4ti\u00f6 k\u00e4ytt\u00e4\u00e4 avustushaun j\u00e4rjest\u00e4misess\u00e4 ja dokumentoinnissa tietoteknisi\u00e4 apuv\u00e4lineit\u00e4, kuten Googlen ty\u00f6kaluja, joihin henkil\u00f6tietoja siirret\u00e4\u00e4n k\u00e4sitelt\u00e4viksi. Protu-s\u00e4\u00e4ti\u00f6 s\u00e4ilyy n\u00e4in siirrett\u00e4vien ja k\u00e4sitelt\u00e4vien henkil\u00f6tietojen rekisterinpit\u00e4j\u00e4n\u00e4 ja Google toimii Protu-s\u00e4\u00e4ti\u00f6n puolesta ja lukuun t\u00e4m\u00e4n alihankkijana sek\u00e4 henkil\u00f6tietojen k\u00e4sittelij\u00e4n\u00e4. Protu-s\u00e4\u00e4ti\u00f6n k\u00e4ytt\u00e4ess\u00e4 Googlen ty\u00f6kaluja k\u00e4sitelt\u00e4v\u00e4t henkil\u00f6tiedot siirret\u00e4\u00e4n EU\/ETA-alueen ulkopuolelle k\u00e4sitelt\u00e4viksi. Henkil\u00f6tietojen siirto EU\/ETA-alueen ulkopuolelle tapahtuu Googlen osoittamaa laillista siirron suojamekanismia, kuten EU-komission laatimia mallisopimuslausekkeita, k\u00e4ytt\u00e4en.<\/p>\n\n\n\n<p>Muutoin Protu-s\u00e4\u00e4ti\u00f6 ei luovuta tai siirr\u00e4 henkil\u00f6tietoja muille vastaanottajille, jollei pakottavasti lains\u00e4\u00e4d\u00e4nn\u00f6st\u00e4 muuta johdu.<\/p>\n\n\n\n<p><\/p>\n\n\n\n<ol start=\"5\" class=\"has-medium-font-size wp-block-list\">\n<li>Henkil\u00f6tietojen s\u00e4ilytysaika<\/li>\n<\/ol>\n\n\n\n<p>Henkil\u00f6tiedot s\u00e4ilytet\u00e4\u00e4n avustushakemusohjeen yhteydess\u00e4 ilmoitettua hakuaikaa seuraavan kalenterivuoden loppuun asti. S\u00e4ilytysajan kuluttua loppuun hakemuksista poistetaan niihin liittyv\u00e4t yhteyshenkil\u00f6iden tiedot, mutta muu hakemuksissa oleva tieto s\u00e4ilytet\u00e4\u00e4n Protu-s\u00e4\u00e4ti\u00f6n toiminnan dokumentoimiseksi ja s\u00e4\u00e4ti\u00f6lain noudattamisen osoittamiseksi. Protu-s\u00e4\u00e4ti\u00f6ll\u00e4 on aina muutoinkin oikeus ja velvollisuus s\u00e4ilytt\u00e4\u00e4 sellaiset henkil\u00f6tiedot, joiden s\u00e4ilytt\u00e4miseen laki tai muu s\u00e4\u00e4d\u00f6s velvoittaa.<\/p>\n\n\n\n<p><\/p>\n\n\n\n<ol start=\"6\" class=\"has-medium-font-size wp-block-list\">\n<li>Rekister\u00f6idyn oikeudet<\/li>\n<\/ol>\n\n\n\n<p>Rekister\u00f6idyll\u00e4, t\u00e4ss\u00e4 tapauksessa avustusta hakeneen yhdistyksen yhteyshenkil\u00f6ll\u00e4, on aina oikeus k\u00e4ytt\u00e4\u00e4 yleisen tietosuoja-asetuksen mukaisia oikeuksiaan, kuten 1) saada p\u00e4\u00e4sy Protu-s\u00e4\u00e4ti\u00f6n h\u00e4nest\u00e4 k\u00e4sittelemiins\u00e4 henkil\u00f6tietoihin, 2) vaatia niiden korjaamista tai muuttamista sek\u00e4 3) vaatia niiden poistamista tai 4) h\u00e4nt\u00e4 koskevan k\u00e4sittelyn rajoittamista sek\u00e4 5) vastustaa k\u00e4sittely\u00e4.<\/p>\n\n\n\n<p>Oikeuksiensa k\u00e4ytt\u00e4miseksi rekister\u00f6idyn tulee olla yhteydess\u00e4 Protu-s\u00e4\u00e4ti\u00f6\u00f6n kohdassa 1 ilmoitettuja yhteystietoja hy\u00f6dynt\u00e4en. Rekister\u00f6idyn oikeuksien k\u00e4ytt\u00e4minen saattaa tehd\u00e4 avustushakemuksen k\u00e4sittelyst\u00e4 mahdotonta tilanteesta ja k\u00e4ytetyst\u00e4 oikeudesta riippuen.<\/p>\n\n\n\n<p>Rekister\u00f6idyll\u00e4 on my\u00f6s oikeus kannella tietojensa oikeudettomasta k\u00e4sittelyst\u00e4 valvovalle viranomaiselle, joka Suomessa tapahtuneen henkil\u00f6tietojen k\u00e4sittelyn osalta on Tietosuojavaltuutettu (<a href=\"http:\/\/www.tietosuoja.fi\">www.tietosuoja.fi<\/a>).<\/p>\n","protected":false},"excerpt":{"rendered":"<p>Prometheus-leirin tukis\u00e4\u00e4ti\u00f6n tietosuojaseloste Prometheus-leirin tukis\u00e4\u00e4ti\u00f6 sr. (j\u00e4ljemp\u00e4n\u00e4 \u201dProtu-s\u00e4\u00e4ti\u00f6\u201d) Y-tunnus 2861511-1 Palkkatilankatu 3, liiketila 7 00240 HELSINKI saatio@protu.fi Protu-s\u00e4\u00e4ti\u00f6 ker\u00e4\u00e4 ja k\u00e4sittelee henkil\u00f6tietoja s\u00e4\u00e4ti\u00f6lain velvoittaman, s\u00e4\u00e4nt\u00f6m\u00e4\u00e4r\u00e4isen toimintansa toteuttamiseksi; tarkemmin ottaen s\u00e4\u00e4nt\u00f6jens\u00e4 &#8230;<\/p>\n","protected":false},"author":1,"featured_media":0,"parent":0,"menu_order":0,"comment_status":"closed","ping_status":"closed","template":"","meta":{"footnotes":""},"class_list":["post-34","page","type-page","status-publish","hentry"],"_links":{"self":[{"href":"http:\/\/www.protusaatio.fi\/index.php?rest_route=\/wp\/v2\/pages\/34"}],"collection":[{"href":"http:\/\/www.protusaatio.fi\/index.php?rest_route=\/wp\/v2\/pages"}],"about":[{"href":"http:\/\/www.protusaatio.fi\/index.php?rest_route=\/wp\/v2\/types\/page"}],"author":[{"embeddable":true,"href":"http:\/\/www.protusaatio.fi\/index.php?rest_route=\/wp\/v2\/users\/1"}],"replies":[{"embeddable":true,"href":"http:\/\/www.protusaatio.fi\/index.php?rest_route=%2Fwp%2Fv2%2Fcomments&post=34"}],"version-history":[{"count":5,"href":"http:\/\/www.protusaatio.fi\/index.php?rest_route=\/wp\/v2\/pages\/34\/revisions"}],"predecessor-version":[{"id":42,"href":"http:\/\/www.protusaatio.fi\/index.php?rest_route=\/wp\/v2\/pages\/34\/revisions\/42"}],"wp:attachment":[{"href":"http:\/\/www.protusaatio.fi\/index.php?rest_route=%2Fwp%2Fv2%2Fmedia&parent=34"}],"curies":[{"name":"wp","href":"https:\/\/api.w.org\/{rel}","templated":true}]}}